61605 (base 8) in base 11?
492420
-d3dba (base 15) to base 3
-1021002220211
-101025615 (base 7) to base 16
-59dcf9
What is e381 (base 15) in base 3?
2102220111
What is 331412 (base 6) in base 7?
143264
What is 3a8a399 (base 12) in base 3?
210212212100100
Convert 10043439 (base 10) to base 5.
10032342224
-200112111201110 (base 3) to base 12
-3371126
What is -520584 (base 13) in base 2?
-111010011011010101100
Convert -512a4 (base 14) to base 9.
-326876
What is -b647 (base 15) in base 13?
-1470a
-1111010000000011101 (base 2) to base 7
-4150654
12552520 (base 6) to base 9
708063
What is -5014223 (base 7) in base 3?
-1010002020212
-6177070 (base 8) to base 5
-404403234
Convert 40f95 (base 16) to base 8.
1007625
Convert 121b18 (base 13) to base 3.
210222021020
Convert -222a55 (base 11) to base 9.
-601355
What is 16117 (base 15) in base 3?
10121120011
What is 232200100 (base 4) in base 16?
2e810
-131431443 (base 5) to base 2
-10011111111110010000
Convert 1221112211201 (base 3) to base 16.
fc85f
Convert -e4fd (base 16) to base 2.
-1110010011111101
Convert 10000011110010110101 (base 2) to base 15.
a9e39
What is 5996 (base 15) in base 7?
106341
-603179 (base 11) to base 5
-222024011
-2054247 (base 8) to base 12
-22465b
-33359f (base 16) to base 8
-14632637
What is -40463356 (base 7) in base 5?
-1331031043
What is -32710085 (base 9) in base 16?
-f192da
Convert -955c91 (base 13) to base 12.
-1208085
-114140302 (base 5) to base 13
-15a530
Convert 13303044 (base 5) to base 6.
2515542
Convert -6630 (base 14) to base 3.
-220020220
-a5581 (base 13) to base 11
-193606
-2385806 (base 11) to base 14
-7a0aa4
Convert 114772 (base 11) to base 6.
3522154
What is 92d74 (base 16) in base 4?
2102311310
What is 398418 (base 10) in base 11?
252379
Convert 11010101000101111100 (base 2) to base 15.
123938
-28278 (base 16) to base 7
-1253340
-100212111120201 (base 3) to base 2
-10100000000101010001011
What is a75a9 (base 11) in base 4?
212030203
What is -8f662 (base 16) in base 9?
-1084634
What is -442213 (base 9) in base 15?
-5339c
What is -100323003 (base 6) in base 10?
-1706187
Convert 100010101011001111101 (base 2) to base 16.
11567d
-23100211 (base 4) to base 10
-46117
-2001323 (base 4) to base 16
-207b
What is -2780c (base 15) in base 5?
-13023222
What is 11034542 (base 6) in base 15?
68385
Convert -491027 (base 10) to base 16.
-77e13
What is -3871773 (base 10) in base 3?
-21021201002000
What is 210121112110 (base 3) in base 2?
1100111110110110101
What is 122101202101101 (base 3) in base 10?
9246187
What is 1996209 (base 10) in base 14?
39d6a5
615131 (base 7) to base 13
38a62
-4b51ee (base 15) to base 12
-126212b
Convert -436340 (base 8) to base 13.
-519a3
Convert 136652366 (base 7) to base 15.
bdcea2
1001201022002100 (base 3) to base 5
12401311340
What is -150240004 (base 7) in base 6?
-552424254
Convert 112010121001 (base 3) to base 15.
57657
-41b1528 (base 12) to base 11
-701592a
Convert 2404341 (base 7) to base 9.
513100
43382 (base 14) to base 6
3252434
What is 1011001010011011101100 (base 2) in base 15?
3cc0cb
-6b1c72 (base 15) to base 6
-301420255
-2651193 (base 12) to base 14
-1010d8b
-22240233 (base 5) to base 14
-5178a
Convert -514403413 (base 6) to base 3.
-121201222202200
Convert 552236 (base 10) to base 9.
1031465
What is -31977a8 (base 11) in base 8?
-25334171
Convert 906c4b (base 13) to base 15.
464990
Convert 1424c0 (base 14) to base 2.
10101010011001001000
What is -2031204004 (base 5) in base 8?
-17702674
What is -113224350 (base 6) in base 12?
-8620b6
What is -2342766 (base 9) in base 12?
-512006
Convert -17a9fe (base 16) to base 2.
-101111010100111111110
Convert 28430 (base 14) to base 13.
36454
What is 31103630 (base 7) in base 12?
a58425
22254240 (base 6) to base 9
1240476
Convert 85633 (base 12) to base 16.
2ad47
What is -18406a6 (base 11) in base 13?
-852aac
Convert -2050e7 (base 16) to base 5.
-1020232423
Convert 214022422 (base 7) to base 6.
1134551321
Convert -11231131021 (base 4) to base 2.
-101101101011101001001
Convert 12012022102 (base 3) to base 10.
102287
What is -5551035 (base 7) in base 9?
-1253146
a40542 (base 13) to base 7
44352364
Convert 115105622 (base 7) to base 16.
6dcb1d
-25014a (base 13) to base 6
-30552034
Convert -c67e (base 16) to base 6.
-1031130
What is -14619a (base 13) in base 4?
-1321311013
What is -347709 (base 10) in base 8?
-1247075
Convert -156783 (base 15) to base 13.
-2a2acc
What is -2446316 (base 8) in base 15?
-d5017
Convert -13010300 (base 5) to base 13.
-452a3
What is 100311211 (base 4) in base 5?
4201330
-1942a (base 16) to base 3
-12020221002
What is 312938 (base 11) in base 7?
4156231
3cc2d (base 14) to base 16
24c29
What is -32303560 (base 9) in base 5?
-12442412312
What is 101000001010110010011 (base 2) in base 13?
371156
Convert 4115145 (base 8) to base 16.
109a65
Convert 1628479 (base 10) to base 11.
a12556
Convert 3504030 (base 7) to base 16.
6b067
132727 (base 16) to base 14
249619
What is 5430020 (base 9) in base 6?
142234330
Convert 859785 (base 12) to base 7.
23641340
113642301 (base 7) to base 5
3301140241
1102221222222 (base 3) to base 15
102372
Convert 1043602 (base 9) to base 5.
120412420
3ca990 (base 13) to base 11
921124
-13a50a (base 13) to base 15
-9726b
-470aa (base 14) to base 3
-22210100020
171104 (base 9) to base 10
105790
What is -123333212122 (base 4) in base 3?
-111210211101101
100102121200220 (base 3) to base 8
23074310
Convert 858aa (base 12) to base 8.
527302
What is 294a8 (base 16) in base 5?
20403003
What is -1a22244 (base 12) in base 15?
-740667
-2185903 (base 11) to base 16
-3a6d38
What is -469b6f (base 16) in base 6?
-243102423
What is 11020b (base 15) in base 2?
11000101110111011101
-5520446 (base 7) to base 5
-133133222
What is -121134 (base 8) in base 6?
-520232
-1d96d0 (base 14) to base 5
-233011121
37479 (base 15) to base 6
3441110
What is 6040612 (base 9) in base 6?
152530015
Convert 230755 (base 10) to base 15.
4858a
Convert 1004441051 (base 6) to base 10.
10300855
-114517 (base 8) to base 4
-21211033
Convert 1547b6 (base 14) to base 9.
1351352
Convert -340514 (base 11) to base 15.
-aaa5c
What is -3a905 (base 11) in base 6?
-1130011
Convert 252321012 (base 6) to base 12.
1773168
133221213 (base 4) to base 8
375147
-3651312 (base 7) to base 14
-c1d09
Convert 1421234014 (base 5) to base 14.
6c2db8
What is 3014b (base 13) in base 15?
1a6ca
What is 10011111101001100111 (base 2) in base 10?
653927
What is -111010011010111011100 (base 2) in base 5?
-442224312
What is 73265 (base 8) in base 3?
1112200112
Convert 5096a (base 11) to base 12.
37056
200400 (base 7) to base 16
8412
What is -13001 (base 8) in base 14?
-20a5
-6456203 (base 8) to base 9
-3222756
-5dd69 (base 15) to base 14
-7b4a4
Convert 1010145201 (base 6) to base 14.
153db0d
1111000000010101011110 (base 2) to base 4
33000111132
Convert -220313000 (base 4) to base 9.
-274515
What is -1838 (base 11) in base 12?
-1430
225430 (base 8) to base 13
28b0b
Convert -11210222222011 (base 3) to base 7.
-30514651
What is -860133 (base 9) in base 2?
-1111100111101111101
Convert 91b7b (base 14) to base 2.
1010101101000100001
152005644 (base 7) to base 5
10042313410
Convert -141a85 (base 13) to base 3.
-220212111212
Convert -939257 (base 11) to base 3.
-2211111101101
Convert 60584 (base 10) to base 12.
2b088
What is 1191580 (base 10) in base 7?
13061665
What is 2e3acb (base 16) in base 4?
23203223023
Convert -31545042 (base 6) to base 12.
-38b182
Convert -130010303210 (base 4) to base 3.
-111211220122002
Convert -1230312023 (base 4) to base 14.
-b8695
59b51 (base 14) to base 3
102010102020
-4613500 (base 9) to base 4
-21133231323
What is 50841 (base 12) in base 13?
3897a
Convert -43863 (base 15) to base 11.
-137197
What is 11312333 (base 4) in base 2?
101110110111111
What is 31235201 (base 6) in base 4?
3131130301
What is 372258 (base 9) in base 3?
102102021222
Convert -2041032143 (base 5) to base 15.
-58a418
What is 3a4a2 (base 13) in base 7?
631133
Convert -8cb61 (base 13) to base 15.
-51145
Convert -2d389 (base 14) to base 4.
-123220331
What is 1031301333 (base 4) in base 14?
84167
Convert -616a91 (base 11) to base 3.
-1212022100200
What is 6204516 (base 7) in base 12?
2b8a96
What is -23402134 (base 5) in base 13?
-77382
